s the ten thousands digit of 19741?
1
What is the hundreds digit of 7012?
0
What is the tens digit of 6910?
1
What is the tens digit of 17936?
3
What is the hundreds digit of 2413?
4
What is the ten thousands digit of 31404?
3
What is the units digit of 54669?
9
What is the tens digit of 1361?
6
What is the tens digit of 66963?
6
What is the thousands digit of 6677?
6
What is the tens digit of 3502?
0
What is the thousands digit of 1092?
1
What is the tens digit of 3635?
3
What is the hundreds digit of 155?
1
What is the thousands digit of 1447?
1
What is the thousands digit of 1955?
1
What is the ten thousands digit of 157572?
5
What is the hundreds digit of 7453?
4
What is the hundreds digit of 7068?
0
What is the units digit of 23404?
4
What is the units digit of 51470?
0
What is the tens digit of 5058?
5
What is the thousands digit of 14570?
4
What is the tens digit of 59346?
4
What is the thousands digit of 67665?
7
What is the units digit of 25816?
6
What is the tens digit of 32570?
7
What is the ten thousands digit of 33120?
3
What is the tens digit of 749?
4
What is the tens digit of 380?
8
What is the units digit of 1310?
0
What is the units digit of 1140?
0
What is the units digit of 764?
4
What is the hundreds digit of 61585?
5
What is the hundreds digit of 3482?
4
What is the tens digit of 830?
3
What is the hundred thousands digit of 154866?
1
What is the tens digit of 6437?
3
What is the units digit of 20362?
2
What is the tens digit of 17134?
3
What is the hundreds digit of 3243?
2
What is the units digit of 82796?
6
What is the units digit of 2923?
3
What is the hundreds digit of 1205?
2
What is the hundreds digit of 2267?
2
What is the units digit of 9669?
9
What is the thousands digit of 5581?
5
What is the thousands digit of 49801?
9
What is the thousands digit of 40647?
0
What is the thousands digit of 15291?
5
What is the hundreds digit of 28841?
8
What is the ten thousands digit of 16454?
1
What is the units digit of 11023?
3
What is the tens digit of 29443?
4
What is the units digit of 1520?
0
What is the tens digit of 565?
6
What is the units digit of 1281?
1
What is the units digit of 3235?
5
What is the hundreds digit of 7290?
2
What is the hundreds digit of 3937?
9
What is the hundreds digit of 834?
8
What is the tens digit of 2732?
3
What is the units digit of 479?
9
What is the thousands digit of 1280?
1
What is the units digit of 571?
1
What is the thousands digit of 3303?
3
What is the thousands digit of 1296?
1
What is the thousands digit of 3634?
3
What is the hundreds digit of 4447?
4
What is the hundreds digit of 312?
3
What is the thousands digit of 6230?
6
What is the units digit of 8200?
0
What is the hundreds digit of 2435?
4
What is the hundreds digit of 880?
8
What is the thousands digit of 76132?
6
What is the units digit of 7706?
6
What is the tens digit of 5607?
0
What is the hundreds digit of 136080?
0
What is the hundreds digit of 251?
2
What is the units digit of 2?
2
What is the units digit of 275?
5
What is the hundreds digit of 10759?
7
What is the hundreds digit of 46514?
5
What is the tens digit of 928?
2
What is the thousands digit of 51269?
1
What is the tens digit of 5098?
9
What is the hundreds digit of 14930?
9
What is the units digit of 27825?
5
What is the tens digit of 7574?
7
What is the ten thousands digit of 18780?
1
What is the units digit of 2065?
5
What is the tens digit of 4517?
1
What is the tens digit of 1516?
1
What is the hundreds digit of 3576?
5
What is the hundreds digit of 366?
3
What is the units digit of 28604?
4
What is the tens digit of 2274?
7
What is the thousands digit of 21210?
1
What is the tens digit of 1788?
8
What is the tens digit of 953?
5
What is the tens digit of 1542?
4
What is the thousands digit of 3258?
3
What is the tens digit of 125?
2
What is the hundreds digit of 2164?
1
What is the thousands digit of 28380?
8
What is the thousands digit of 34973?
4
What is the units digit of 2062?
2
What is the tens digit of 2859?
5
What is the tens digit of 369?
6
What is the units digit of 873?
3
What is the tens digit of 1115?
1
What is the units digit of 6316?
6
What is the units digit of 9053?
3
What is the hundreds digit of 6659?
6
What is the hundreds digit of 2075?
0
What is the tens digit of 2226?
2
What is the tens digit of 816?
1
What is the units digit of 53?
3
What is the tens digit of 2344?
4
What is the thousands digit of 51506?
1
What is the ten thousands digit of 21999?
2
What is the tens digit of 1853?
5
What is the units digit of 820?
0
What is the tens digit of 143?
4
What is the tens digit of 30128?
2
What is the hundreds digit of 101191?
1
What is the tens digit of 1242?
4
What is the thousands digit of 80578?
0
What is the hundreds digit of 578?
5
What is the hundreds digit of 674?
6
What is the hundreds digit of 24478?
4
What is the ten thousands digit of 31029?
3
What is the units digit of 41853?
3
What is the units digit of 487?
7
What is the tens digit of 756?
5
What is the thousands digit of 6498?
6
What is the tens digit of 28315?
1
What is the thousands digit of 2281?
2
What is the tens digit of 6813?
1
What is the tens digit of 6279?
7
What is the tens digit of 48351?
5
What is the ten thousands digit of 55567?
5
What is the tens digit of 769?
6
What is the tens digit of 4290?
9
What is the hundreds digit of 1196?
1
What is the tens digit of 50472?
7
What is the tens digit of 22674?
7
What is the thousands digit of 32703?
2
What is the hundreds digit of 12113?
1
What is the units digit of 5943?
3
What is the tens digit of 1752?
5
What is the ten thousands digit of 209433?
0
What is the hundreds digit of 542?
5
What is the thousands digit of 8589?
8
What is the units digit of 138?
8
What is the tens digit of 6909?
0
What is the hundreds digit of 1426?
4
What is the tens digit of 1254?
5
What is the units digit of 201?
1
What is the units digit of 890?
0
What is the hundreds digit of 3855?
8
What is the tens digit of 23737?
3
What is the tens digit of 4349?
4
What is the tens digit of 268?
6
What is the ten thousands digit of 61199?
6
What is the tens digit of 131?
3
What is the units digit of 2386?
6
What is the units digit of 7098?
8
What is the thousands digit of 54737?
4
What is the hundred thousands digit of 145162?
1
What is the tens digit of 42348?
4
What is the units digit of 37370?
0
What is the units digit of 129904?
4
What is the tens digit of 742?
4
What is the hundreds digit of 46574?
5
What is the units digit of 36205?
5
What is the hundreds digit of 627?
6
What is the hundreds digit of 23385?
3
What is the hundreds digit of 8063?
0
What is the hundreds digit of 16071?
0
What is the units digit of 1608?
8
What is the ten thousands digit of 66890?
6
What is the units digit of 803?
3
What is the thousands digit of 1257?
1
What is the tens digit of 48619?
1
What is the units digit of 1081?
1
What is the units digit of 158?
8
What is the thousands digit of 39737?
9
What is the units digit of 39583?
3
What is the tens digit of 4399?
9
What is the tens digit of 3585?
8
What is the tens digit of 5300?
0
What is the tens digit of 666?
6
What is the tens digit of 27386?
8
What is the units digit of 46456?
6
What is the units digit of 1953?
3
What is the ten thousands digit of 19294?
1
What is the ten thousands digit of 24193?
2
What is the tens digit of 2665?
6
What is the tens digit of 1601?
0
What is the hundreds digit of 13952?
9
What is the hundreds digit of 279?
2
What is the tens digit of 5540?
4
What is the tens digit of 1257?
5
What is the units digit of 42229?
9
What is the hundreds digit of 2137?
1
What is the thousands digit of 4026?
4
What is the tens digit of 51257?
5
What is the hundreds digit of 1143?
1
What is the tens digit of 1525?
2
What is the units digit of 891?
1
What is the hundred thousands digit of 133167?
1
What is the hundreds digit of 4797?
7
What is the thousands digit of 8335?
8
What is the tens digit of 30289?
8
What is the hundreds digit of 19667?
6
What is the tens digit of 4981?
8
What is the tens digit of 1273?
7
What is the ten thousands digit of 30015?
3
What is the units digit of 2737?
7
What is the thousands digit of 8298?
8
What is the ten thousands digit of 10301?
1
What is the units